 38 + 53 = 7*w. Suppose 18*s - w*s - 1111 = 3*o, 882 = 4*s + o. What is the units digit of s?
1
Let i be 4/(-4)*(7 + 3). Let u(g) = g**3 + 11*g**2 + 11*g + 13. Let d be u(i). Suppose 0 = -d*t + 9*t - 96. What is the units digit of t?
6
Suppose -2*j = v - 65 - 205, -4*v - 3*j + 1080 = 0. What is the units digit of v?
0
Suppose 105*m - 20 = 110*m. What is the tens digit of (-902)/m + 3 + 4/(-8)?
2
Let c(g) = -2*g - 9. Let j be c(-8). Let w be (-21)/18*-2 + (-8)/(-12). What is the tens digit of (4 - j)/w*-34?
3
What is the units digit of (-18)/(-3) + (-4)/(3 - 5)?
8
Suppose 28*w - 14080 = 8*w. What is the hundreds digit of w?
7
Suppose 2*m - t - 86 = 0, 5*m - 4*m - 3*t - 38 = 0. Suppose 3*f = m + 37. What is the tens digit of f?
2
Let j(y) = y**3 - 11*y**2 - y - 11. Let h be j(11). Let a = h - -22. Suppose -2*q - 4*v = -62, a = 3*q - 0*v + v - 103. What is the units digit of q?
5
Suppose 3*m + 620 = 7*m. Suppose 151 = 5*i + 4*t, -5*t + m = 3*i + 2*i. What is the units digit of i?
7
Suppose 3*h + 190 + 71 = 0. Let a = -48 - h. Suppose a - 15 = u. What is the tens digit of u?
2
Let a(h) = 4*h**3 - 16*h**2 + 3*h - 3. What is the hundreds digit of a(8)?
0
Suppose 0 = 5*m - 1 - 9. Suppose -110 = -m*r + 22. What is the units digit of r?
6
Let z be 0*1*(-8 - -3)/(-5). Let j be 3*3/((-18)/26). Let g = z - j. What is the units digit of g?
3
Let x be -2 + 21/3 - 1. Let s be 1/(-2) - (-2)/x. Suppose 6*g - 5*g - 73 = s. What is the tens digit of g?
7
Let q = -9 - -10. Let t(u) = 22*u**3 + u - 2. What is the units digit of t(q)?
1
What is the hundreds digit of (-122)/305 - ((-16344)/10 + -1)?
6
Suppose -20*d - 239880 = -60*d. What is the hundreds digit of d?
9
Suppose -5*q + 3*d + 271 - 68 = 0, -3*q + 116 = 4*d. What is the tens digit of 2/(-4)*96/q*-100?
2
Suppose -d + 4*d - 201 = 0. Suppose 5*m - 2*a = 3*a + 175, 2*m = 3*a + d. Let v = -25 + m. What is the units digit of v?
3
Suppose 60*g + 49042 = 74*g. What is the units digit of g?
3
Let q(f) = 10*f**2 + 3*f - 4. Let v be q(-6). Let u = v + -239. What is the units digit of u?
9
Let p = -7283 - -12577. What is the thousands digit of p?
5
Let n = -89 - -150. Suppose 0 = -5*t + n + 119. What is the tens digit of t?
3
What is the units digit of 847*3/(6 - 3)?
7
Suppose -i + 0*i - 2 = 0. Let q(h) = 10*h**2 - h + 1. What is the tens digit of q(i)?
4
Let r = 4446 - 1773. Suppose 10*h - h = r. What is the tens digit of h?
9
What is the units digit of 8/84 - 324280/(-462)?
2
Let r = -38 - -41. Let p(l) = 14*l**2 - 4*l + 3. What is the tens digit of p(r)?
1
Let i(u) be the first derivative of -2*u**3/3 + 2*u + 1. Let k(v) = -v**2 + 1. Let p(o) = 6*i(o) - 13*k(o). What is the tens digit of p(-6)?
3
Let b(l) = -10 - 27*l + 35*l + 48*l. What is the units digit of b(4)?
4
Suppose 18*s + 992 = h + 20*s, -h + 992 = -3*s. What is the units digit of h?
2
Suppose k - 3495 = 16*h - 18*h, -4*h - 6982 = -2*k. What is the units digit of k?
3
Let k = -13 + 13. Let f be 37 + (-9)/(-3 - k). Suppose 0 = -3*c + 5*c - f. What is the units digit of c?
0
Suppose 3*d + 201 = 3*p, -2*d + 219 = 3*p + d. Let z = p + 12. What is the tens digit of z?
8
Let s(m) = 24*m**2 + 5. Let o be s(4). Suppose -o = -5*c + 2*y - 5*y, 0 = 2*y - 6. What is the units digit of c?
6
Suppose -1860 = -3*a - 2*a. Suppose 0*v + v = -a. What is the tens digit of v/(-14) + 33/77?
2
Let j(t) = 165*t**2 - 11*t. What is the thousands digit of j(3)?
1
Let v be -1 + 572/(8/2). Let g = -81 + v. What is the units digit of g?
1
Suppose 0 = -5*n + 147 + 128. Suppose -5*l + 3*x = 51, -7*l - n = -2*l - 5*x. Let i(a) = -a**3 - 9*a**2 - 3*a + 1. What is the tens digit of i(l)?
2
Let p(t) = -2*t**2 - 19*t - 29. Let q(z) = z**2 + 19*z + 29. Let c(i) = 2*p(i) + 3*q(i). What is the tens digit of c(19)?
2
Suppose -2*x + 5*u + 2044 = 0, -13*u - 2044 = -2*x - 18*u. What is the thousands digit of x?
1
Let t(v) = 6*v**2 + 0 - 1 + 0*v + 0*v. Let a be t(1). Suppose 0 = -3*s + 3*c - c + 150, c - 263 = -a*s. What is the units digit of s?
2
Let s = -18 + 22. Suppose -2*i - 218 = -s*f, -70 = -2*f - 2*i + 54. Suppose 4*t - 34 = -2*b, b - f = -4*b - 3*t. What is the units digit of b?
9
Suppose 522 = 2*f - 3*d, 7*f - 4*f + 4*d = 749. What is the units digit of f?
5
Let l(u) = u**2 - 2*u - 8. Let t be l(-5). Suppose -x - t = -126. What is the units digit of x?
9
Let d(b) = -b + 7. Let k be 2 - -2 - 5 - -4. Let q be d(k). Suppose -n - 5 = -q*a - 46, -2*a - 93 = -3*n. What is the units digit of n?
9
Let p(l) = 2*l - 5. Let i be p(9). Let o = 13 - i. Suppose o*q + 20 = 4*q. What is the units digit of q?
5
Let c(a) be the first derivative of -a**4/4 + 3*a**3 - 7*a**2/2 - 5*a + 2. Let b be c(8). Suppose -b + 1 = -2*q. What is the units digit of q?
1
Let z(k) = -k**3 + 34*k**2 - 21*k - 49. What is the thousands digit of z(30)?
2
Let x = -21 - -59. Let k = x - 17. What is the units digit of k?
1
Suppose -3 = 2*f - 13. Suppose 0 = h - 2*c - f, 0*c = -2*c + 8. What is the tens digit of h?
1
Suppose -403 = 22*a - 23*a. What is the hundreds digit of a?
4
Let t(q) = 2*q + 13. Let c be t(0). Let m = c + -9. What is the units digit of 1 - (-44 - (m + 0))?
9
Let a(h) = -24*h + 375. What is the units digit of a(13)?
3
Let c(i) = i**3 - 18*i**2 + 16*i + 86. What is the hundreds digit of c(18)?
3
Let d(o) = 2*o + 0*o**2 + 4*o**2 - o + 3. Let p(j) = 3*j. Let x be p(-1). What is the units digit of d(x)?
6
Let v(j) = -2*j**3 + 2*j**2 + 3*j + 3. Let p(w) = -w**3 - 4*w**2 + 2*w - 8. Let i be p(-5). Suppose -4*b = -i*b - 6. What is the units digit of v(b)?
1
Let o(g) = -6*g**2 - 2*g + 2. Let x be o(-2). What is the tens digit of 5*x/5*-3?
5
Suppose 0 = 6*r - 2*r - 1120. What is the units digit of r?
0
Suppose -59 + 5 = -3*p. Let o = p + 1. Suppose 0 = -3*s + 4*w + o, -w = -4*s + w + 32. What is the units digit of s?
9
Suppose y = -2*d + 335, 333 = 5*y - 4*y + 3*d. What is the hundreds digit of y?
3
Suppose 49*w - 73816 = -28932. What is the tens digit of w?
1
Suppose 0 = 4*u + 99 - 3. Let c = 113 + u. What is the units digit of c?
9
Let n(a) = -4*a**3 + 7*a**2 - 2*a + 44. Let j(i) = i**3 - 2*i**2 + i - 15. Let q(t) = -7*j(t) - 2*n(t). What is the units digit of q(4)?
9
Let d = -6 + 16. Let o = 23 - d. Suppose -4*f + o + 75 = 0. What is the tens digit of f?
2
Let g be -1 + 1 - (0 + -2). Let v be -12*1/g*1. What is the tens digit of v/14 - (-376)/28?
1
Suppose -3*q = -4 - 8. Suppose 0*u + p - 15 = u, 4*p = -q*u - 52. What is the tens digit of (1 - -1)/(u/(-189))?
2
Let m = 32 - 32. Suppose f + 1 - 9 = m. What is the units digit of f/16 + (-158)/(-4)?
0
Let v = -77 - -79. Suppose -v*i = 3*i - 195. What is the tens digit of i?
3
Suppose 4*w = 2*j - 1 - 3, -3*j + 3*w + 9 = 0. Suppose -j*t - 34 = -2. What is the tens digit of (t - -27) + 2 + 1?
2
Suppose 0 = 4*t - 7*t + 60. What is the units digit of t/6*9/6?
5
Suppose 4*r - 3*x - 431 = -0*r, 0 = 2*r + 4*x - 210. What is the tens digit of r?
0
Let p = -80 - -95. Suppose -1533 = -p*u + 267. What is the units digit of u?
0
Let a be (-24)/156*1 - 1055/(-13). Let z be (3/2)/((-1)/(-2)). Suppose 0*m + 5*n + 115 = 5*m, -3*m - z*n = -a. What is the tens digit of m?
2
Let l be ((-2)/6 + 1)*6. Let i = 24 + -15. Suppose -l*v = -v - i. What is the units digit of v?
3
Let n = 70 - 67. Suppose -2*y - 1 = -n*y. What is the units digit of y?
1
Let j(i) = 394*i**3 + i**2 + 3*i + 1. What is the units digit of j(2)?
3
Suppose -5*v + 0 + 4 = f, 2*f + 20 = -3*v. Let l = 15 - f. What is the units digit of l?
1
Let n be (4/(-10))/((-2)/(-10)). Let l be (-1 - (n - 1))*4. What is the tens digit of 33 - -4*(-2)/l?
3
Let k = -57 - -103. Let g = 90 - k. What is the units digit of g?
4
Suppose 3*j + 4 = 1. Let k = 112 - j. What is the units digit of k?
3
Let t = -66 - -93. Let h = t - 7. Suppose -5*p = -60 - h. What is the tens digit of p?
1
Let g(x) be the third derivative of x**6/120 - x**5/20 - 5*x**4/24 + x**3 + 7*x**2. Let c be g(5). What is the units digit of (-2 + 3)*c + 3?
4
Suppose 2*x + 3*o = 6, 5*o + 11 = -5*x + 4*o. Let s = 6 + x. Suppose 0*q - 55 = -3*k - 4*q, -s*k + 5*q = -46. What is the units digit of k?
7
Let r(g) be the second derivative of -7*g**2 + 1/6*g**3 + 0 + 1/12*g**4 + 5*g. What is the units digit of r(6)?
8
Let m be ((-9)/2)/9*6. What is the tens digit of -4 - 55*m/3?
5
L